{"id":797,"date":"2023-11-19T15:50:30","date_gmt":"2023-11-19T15:50:30","guid":{"rendered":"https:\/\/www.wsdm-conference.org\/2024\/?page_id=797"},"modified":"2023-11-19T15:50:31","modified_gmt":"2023-11-19T15:50:31","slug":"demonstrations","status":"publish","type":"page","link":"https:\/\/www.wsdm-conference.org\/2024\/demonstrations\/","title":{"rendered":"Demonstrations"},"content":{"rendered":"\n<h4 class=\"wp-block-heading\">Domain Level Interpretability: Interpreting Black-box Model with Domain-specific Embedding<\/h4>\n\n\n\n<div id=\"section-g779c28\" class=\"wp-block-gutentor-e1 section-g779c28 gutentor-element gutentor-element-advanced-text\"><div class=\"gutentor-text-wrap\"><p class=\"gutentor-text\">Ya-Lin Zhang (Ant Group)*; CaiZhi Tang (Ant Financial); Lu Yu (Ant Group); Jun Zhou (Ant Services Group ); longfei li (Ant Financial Services Group ); Qing Cui (Ant Group); fangfang fan (Ant Group); Linbo Jiang (Ant Financial Services Group); Xiaosong Zhao (Ant Group)<\/p><\/div><\/div>\n\n\n\n<h4 class=\"wp-block-heading\">Logic-Scaffolding: Personalized Aspect-instructed Recommendation Explanation Generation using LLMs<\/h4>\n\n\n\n<div id=\"section-g84a6c9\" class=\"wp-block-gutentor-e1 section-g84a6c9 gutentor-element gutentor-element-advanced-text\"><div class=\"gutentor-text-wrap\"><p class=\"gutentor-text\">Behnam Rahdari (University of Pittsburgh)*; Hao Ding (AWS AI Labs); Ziwei Fan (AWS AI Labs); Yifei Ma (Amazon); Zhuotong Chen (University of California, Santa Barbara); Anoop Deoras (Amazon); Branislav Kveton (AWS AI Labs)<\/p><\/div><\/div>\n\n\n\n<h4 class=\"wp-block-heading\">Making Small Language Models Better Multi-task Learners with Mixture-of-Task-Adapters<\/h4>\n\n\n\n<div id=\"section-g6eef17\" class=\"wp-block-gutentor-e1 section-g6eef17 gutentor-element gutentor-element-advanced-text\"><div class=\"gutentor-text-wrap\"><p class=\"gutentor-text\">Yukang Xie (South China University of Technology, Alibaba Group); Chengyu Wang (Alibaba Group); Junbing Yan (East China Normal University); Jiyong Zhou (South China University of Technology, Alibaba Group); Feiqi Deng (South China University of Technology)*; Jun Huang (Alibaba Group)<\/p><\/div><\/div>\n\n\n\n<h4 class=\"wp-block-heading\">Vector Search with OpenAI Embeddings: Lucene Is All You Need<\/h4>\n\n\n\n<div id=\"section-gedfc62\" class=\"wp-block-gutentor-e1 section-gedfc62 gutentor-element gutentor-element-advanced-text\"><div class=\"gutentor-text-wrap\"><p class=\"gutentor-text\">Jasper Xian (University of Waterloo)*; Jimmy Lin (University of Waterloo); Tommaso Teofili (Roma Tre University); Ronak Pradeep (University of Waterloo)<\/p><\/div><\/div>\n\n\n\n<h4 class=\"wp-block-heading\">SIRUP: Search-based Book Recommendation Playground<\/h4>\n\n\n\n<div id=\"section-g8584a9\" class=\"wp-block-gutentor-e1 section-g8584a9 gutentor-element gutentor-element-advanced-text\"><div class=\"gutentor-text-wrap\"><p class=\"gutentor-text\">Ghazaleh Haratinezhad Torbati (Max Planck Institute for Informatics)*; Anna Tigunova (Max-Planck-Institut f\u00fcr Informatik); Gerhard Weikum (Max-Planck-Institut fur Informatik)<\/p><\/div><\/div>\n\n\n\n<h4 class=\"wp-block-heading\">Future Timelines: Extraction and Visualization of Future-related Content From News Articles<\/h4>\n\n\n\n<div id=\"section-gd2dc67\" class=\"wp-block-gutentor-e1 section-gd2dc67 gutentor-element gutentor-element-advanced-text\"><div class=\"gutentor-text-wrap\"><p class=\"gutentor-text\">Juwal Regev (University of Innsbruck); Adam Jatowt (University of Innsbruck)*; Michael Faerber (KIT)<\/p><\/div><\/div>\n\n\n\n<h4 class=\"wp-block-heading\">Temporal Graph Analysis with TGX<\/h4>\n\n\n\n<div id=\"section-g34f4ac\" class=\"wp-block-gutentor-e1 section-g34f4ac gutentor-element gutentor-element-advanced-text\"><div class=\"gutentor-text-wrap\"><p class=\"gutentor-text\">Razieh Shirzadkhani (Mila); Shenyang Huang (Mila\/McGill University); Elahe Kooshafar (MILA); Reihaneh Rabbany (McGill University); Farimah Poursafaei (Mila)*<\/p><\/div><\/div>\n\n\n\n<h4 class=\"wp-block-heading\">An Interpretable Brain Graph Contrastive Learning Framework for Brain Disorder Analysis<\/h4>\n\n\n\n<div id=\"section-g909209\" class=\"wp-block-gutentor-e1 section-g909209 gutentor-element gutentor-element-advanced-text\"><div class=\"gutentor-text-wrap\"><p class=\"gutentor-text\">Xuexiong Luo (Macquarie University)*; Guangwei Dong (Macquarie University); Jia Wu (Macquarie University); Amin Beheshti (Macquarie University); Jian Yang (Macquarie University); Shan Xue (University of Wollongong)<\/p><\/div><\/div>\n\n\n\n<h4 class=\"wp-block-heading\">Real-time E-bike Route Planning with Battery Range Prediction<\/h4>\n\n\n\n<div id=\"section-g987c3b\" class=\"wp-block-gutentor-e1 section-g987c3b gutentor-element gutentor-element-advanced-text\"><div class=\"gutentor-text-wrap\"><p class=\"gutentor-text\">Zhao Li (Hangzhou Yugu Technology)*; ren guoqi (Hangzhou Yugu Technology Co.,Ltd); gu yongchun (Hangzhou Yugu Technology Co.,Ltd); siwei zhou (Zhejiang Normal University); Xuanwu Liu (Hangzhou Yugu Technology); Jiaming Huang (Hangzhou Yugu Technology); Ming Li (Zhejiang Normal University)<\/p><\/div><\/div>\n\n\n\n<h4 class=\"wp-block-heading\">EvidenceQuest: An Interactive Evidence Discovery system for Explainable Artificial Intelligence<\/h4>\n\n\n\n<div id=\"section-gb08f02\" class=\"wp-block-gutentor-e1 section-gb08f02 gutentor-element gutentor-element-advanced-text\"><div class=\"gutentor-text-wrap\"><p class=\"gutentor-text\">Ambreen A Hanif (Macquaire University)*; Amin Beheshti (Macquarie University); Xuyun Zhang (Macquarie University); Steven Wood (Prospa); Boualem Benatallah (Dublin City University); Eu Jin Foo (Macquarie University)<\/p><\/div><\/div>\n\n\n\n<h4 class=\"wp-block-heading\">WordGraph: a python package for reconstructing interactive causal graphical models from text data<\/h4>\n\n\n\n<div id=\"section-g5fd3d4\" class=\"wp-block-gutentor-e1 section-g5fd3d4 gutentor-element gutentor-element-advanced-text\"><div class=\"gutentor-text-wrap\"><p class=\"gutentor-text\">Amine Ferdjaoui (Universit\u00e9 Paris Cit\u00e9)*; Severine Affeldt (Universit\u00e9 Paris Cit\u00e9); Mohamed Nadif (Centre Borelli &#8211; Universit\u00e9 Paris Cit\u00e9)<\/p><\/div><\/div>\n\n\n\n<h4 class=\"wp-block-heading\">IAI MovieBot 2.0: An Enhanced Research Platform with Trainable Neural Components and Transparent User Modeling<\/h4>\n\n\n\n<div id=\"section-g7ee879\" class=\"wp-block-gutentor-e1 section-g7ee879 gutentor-element gutentor-element-advanced-text\"><div class=\"gutentor-text-wrap\"><p class=\"gutentor-text\">Nolwenn Bernard (University of Stavanger); Ivica Kostric (University of Stavanger); Krisztian Balog (University of Stavanger)*<\/p><\/div><\/div>\n\n\n\n<h4 class=\"wp-block-heading\">GEMRec: Towards Generative Model Recommendation<\/h4>\n\n\n\n<div id=\"section-gd7ce38\" class=\"wp-block-gutentor-e1 section-gd7ce38 gutentor-element gutentor-element-advanced-text\"><div class=\"gutentor-text-wrap\"><p class=\"gutentor-text\">Yuanhe Guo (New York University Shanghai)*; Haoming Liu (New York University Shanghai); Hongyi Wen (New York University Shanghai)<\/p><\/div><\/div>\n\n\n\n<h4 class=\"wp-block-heading\">Ginkgo-P: General Illustrations of Knowledge Graphs for Openness as a Platform<\/h4>\n\n\n\n<div id=\"section-g63b7ca\" class=\"wp-block-gutentor-e1 section-g63b7ca gutentor-element gutentor-element-advanced-text\"><div class=\"gutentor-text-wrap\"><p class=\"gutentor-text\">Blaine Hill (University of Illinois Urbana Champaign)*; Lihui Liu (University of Illinois at Urbana-Champaign); Hanghang Tong (University of Illinois at Urbana-Champaign)<\/p><\/div><\/div>\n\n\n\n<h4 class=\"wp-block-heading\">CharmBana: Progressive Responses with Real-Time Internet Search for Knowledge-Powered Conversations<\/h4>\n\n\n\n<div id=\"section-g4f2f93\" class=\"wp-block-gutentor-e1 section-g4f2f93 gutentor-element gutentor-element-advanced-text\"><div class=\"gutentor-text-wrap\"><p class=\"gutentor-text\">Revanth Reddy Gangi Reddy (University of Illinois at Urbana-Champaign)*; Sharath Chandra Etagi Suresh (University of Illinois Urbana-Champaign); Hao Bai (UIUC); Wentao Yao (UIUC); Mankeerat Sidhu (University of Illinois Urbana &#8211; Champaign); Karan Aggarwal (University of Illinois, Urbana-Champaign); Prathamesh Sonawane (University of Illinois Urbana-Champaign); ChengXiang Zhai (University of Illinois at Urbana-Champaign)<\/p><\/div><\/div>\n\n\n\n<h4 class=\"wp-block-heading\">A Scalable Open-Source System for Segmenting Urban Areas with Road Networks<\/h4>\n\n\n\n<div id=\"section-g14b246\" class=\"wp-block-gutentor-e1 section-g14b246 gutentor-element gutentor-element-advanced-text\"><div class=\"gutentor-text-wrap\"><p class=\"gutentor-text\">Ming Zhang (Baidu Inc.)*; Yanyan Li (Baidu Inc.); Jianguo Duan (Baidu Inc.); Jizhou Huang (Baidu); Jingbo Zhou (Baidu Inc.)<\/p><\/div><\/div>\n\n\n\n<h4 class=\"wp-block-heading\">Wildfire: A Twitter Social Sensing Platform for Layperson<\/h4>\n\n\n\n<div id=\"section-gc4f6ce\" class=\"wp-block-gutentor-e1 section-gc4f6ce gutentor-element gutentor-element-advanced-text\"><div class=\"gutentor-text-wrap\"><p class=\"gutentor-text\">Zeyu Zhang (University of Texas at Arlington)*; Zhengyuan Zhu (University of Texas at Arlington); HAIQI ZHANG (University of Texas Arlington); Chengkai Li (The University of Texas at Arlington)<\/p><\/div><\/div>\n","protected":false},"excerpt":{"rendered":"<p>Domain Level Interpretability: Interpreting Black-box Model with Domain-specific Embedding Logic-Scaffolding: Personalized Aspect-instructed Recommendation Explanation Generation using LLMs Making Small Language Models Better Multi-task Learners with Mixture-of-Task-Adapters Vector Search with OpenAI Embeddings: Lucene Is All You Need SIRUP: Search-based Book Recommendation Playground Future Timelines: Extraction and Visualization of Future-related Content From News Articles Temporal Graph Analysis [&hellip;]<\/p>\n","protected":false},"author":1,"featured_media":0,"parent":0,"menu_order":0,"comment_status":"closed","ping_status":"closed","template":"","meta":{"footnotes":""},"class_list":["post-797","page","type-page","status-publish","hentry"],"_links":{"self":[{"href":"https:\/\/www.wsdm-conference.org\/2024\/wp-json\/wp\/v2\/pages\/797","targetHints":{"allow":["GET"]}}],"collection":[{"href":"https:\/\/www.wsdm-conference.org\/2024\/wp-json\/wp\/v2\/pages"}],"about":[{"href":"https:\/\/www.wsdm-conference.org\/2024\/wp-json\/wp\/v2\/types\/page"}],"author":[{"embeddable":true,"href":"https:\/\/www.wsdm-conference.org\/2024\/wp-json\/wp\/v2\/users\/1"}],"replies":[{"embeddable":true,"href":"https:\/\/www.wsdm-conference.org\/2024\/wp-json\/wp\/v2\/comments?post=797"}],"version-history":[{"count":8,"href":"https:\/\/www.wsdm-conference.org\/2024\/wp-json\/wp\/v2\/pages\/797\/revisions"}],"predecessor-version":[{"id":805,"href":"https:\/\/www.wsdm-conference.org\/2024\/wp-json\/wp\/v2\/pages\/797\/revisions\/805"}],"wp:attachment":[{"href":"https:\/\/www.wsdm-conference.org\/2024\/wp-json\/wp\/v2\/media?parent=797"}],"curies":[{"name":"wp","href":"https:\/\/api.w.org\/{rel}","templated":true}]}}